{"id":14399,"date":"2024-12-05T12:46:59","date_gmt":"2024-12-05T11:46:59","guid":{"rendered":"https:\/\/www.maradeiboschi.it\/?post_type=product&#038;p=14399"},"modified":"2024-12-05T13:02:44","modified_gmt":"2024-12-05T12:02:44","slug":"sebastian-ramirez-colombia-caffe","status":"publish","type":"product","link":"https:\/\/www.maradeiboschi.it\/en\/prodotto\/sebastian-ramirez-colombia-caffe\/","title":{"rendered":"Sebastian Ramirez | Colombia"},"content":{"rendered":"<p>Sebastian Ramirez | Colombia<\/p>\n<p>Il Wush Wush di<strong>\u00a0El Placer<\/strong>, la farm di Sebastian Ramirez, \u00e8 un caff\u00e8 famoso in tutto il mondo ed \u00e8 il primo caff\u00e8 da gara tostato da IALTY. Scelto dal nostro barista Nicol\u00f2 Crepaldi per la sua competizione, si tratta di un varietale etiope piantato in Colombia, chiamato appunto Wush Wush, processato con un metodo definito\u00a0<strong>\u201cblack honey\u201d<\/strong>: le drupe vengono coperte mentre asciugano su letti rialzati in stile africano, vengono smosse continuamente per mantenere un profilo di elevata pulizia, mantenendo il 100% della mucilagine sul chicco. L\u2019intera asciugatura richiede 15 giorni e un\u2019attenzione costante. I chicchi vengono tostati a Barolo in maniera molto leggera per lasciar che il caff\u00e8 si esprima da s\u00e9; Il risultato \u00e8 un caff\u00e8 incredibile, un viaggio all\u2019interno del pensiero del produttore e delle sue scelte, dai sentori di pompelmo, frutta rossa e fiori di zagara.<\/p>\n<p><strong>Sebastian Ramirez | Colombia<br \/>\nProduttore: Sebastian Ramirez<\/strong><\/p>\n<p><strong>Regione:\u00a0<\/strong>Calarca, Quindio<\/p>\n<p><strong>Altitudine:\u00a0<\/strong>1700 m slm<\/p>\n<p><strong>Coltivazione:\u00a0<\/strong>Wushwush<\/p>\n<p><strong>Lavorazione:<\/strong>\u00a0Black Honey<\/p>\n<p><strong>Note di gusto:<\/strong>\u00a0Pompelmo, frutta rossa, zagara<\/p>\n<p>Confezione in grani* da 150 grammi<\/p>\n<p>&nbsp;<\/p>\n<p>*Il caff\u00e8 pu\u00f2 essere macinato al momento dell\u2019ordine, \u00e8 sufficiente specificare nelle note d\u2019ordine il tipo di estrazione da voi preferito (ad es. macinatura moka, v60, etc)<\/p>\n","protected":false},"excerpt":{"rendered":"<p><strong>Sebastian Ramirez | Colombia<br \/>\nProduttore: Sebastian Ramirez<\/strong><\/p>\n<p><strong>Regione:\u00a0<\/strong>Calarca, Quindio<\/p>\n<p><strong>Altitudine:\u00a0<\/strong>1700 m slm<\/p>\n<p><strong>Coltivazione:\u00a0<\/strong>Wushwush<\/p>\n<p><strong>Lavorazione:<\/strong>\u00a0Black Honey<\/p>\n<p><strong>Note di gusto:<\/strong>\u00a0Pompelmo, frutta rossa, zagara<\/p>\n<p>Confezione in grani* da 150 grammi<\/p>\n<p>&nbsp;<\/p>\n<p>*Il caff\u00e8 pu\u00f2 essere macinato al momento dell\u2019ordine, \u00e8 sufficiente specificare nelle note d\u2019ordine il tipo di estrazione da voi preferito (ad es. macinatura moka, v60, etc)<\/p>\n","protected":false},"featured_media":14400,"template":"","meta":[],"product_brand":[],"product_cat":[97],"product_tag":[],"class_list":["post-14399","product","type-product","status-publish","has-post-thumbnail","product_cat-coffee","first","outofstock","taxable","shipping-taxable","purchasable","product-type-simple"],"yoast_head":"<!-- This site is optimized with the Yoast SEO plugin v28.4 - https:\/\/yoast.com\/product\/yoast-seo-wordpress\/ -->\n<title>Sebastian Ramirez | Colombia &#8226; Mara Dei Boschi<\/title>\n<meta name=\"description\" content=\"Sebastian Ramirez | Colombia\" \/>\n<meta name=\"robots\" content=\"index, follow, max-snippet:-1, max-image-preview:large, max-video-preview:-1\" \/>\n<link rel=\"canonical\" href=\"https:\/\/www.maradeiboschi.it\/en\/prodotto\/sebastian-ramirez-colombia-caffe\/\" \/>\n<meta property=\"og:locale\" content=\"en_US\" \/>\n<meta property=\"og:type\" content=\"article\" \/>\n<meta property=\"og:title\" content=\"Sebastian Ramirez | Colombia &#8226; Mara Dei Boschi\" \/>\n<meta property=\"og:description\" content=\"Sebastian Ramirez | Colombia\" \/>\n<meta property=\"og:url\" content=\"https:\/\/www.maradeiboschi.it\/en\/prodotto\/sebastian-ramirez-colombia-caffe\/\" \/>\n<meta property=\"og:site_name\" content=\"Mara Dei Boschi\" \/>\n<meta property=\"article:publisher\" content=\"https:\/\/www.facebook.com\/MaradeiBoschi\" \/>\n<meta property=\"article:modified_time\" content=\"2024-12-05T12:02:44+00:00\" \/>\n<meta property=\"og:image\" content=\"https:\/\/www.maradeiboschi.it\/wp-content\/uploads\/2024\/10\/IMG_9628-1-scaled-1.jpeg\" \/>\n\t<meta property=\"og:image:width\" content=\"2048\" \/>\n\t<meta property=\"og:image:height\" content=\"2560\" \/>\n\t<meta property=\"og:image:type\" content=\"image\/jpeg\" \/>\n<meta name=\"twitter:card\" content=\"summary_large_image\" \/>\n<meta name=\"twitter:label1\" content=\"Est. reading time\" \/>\n\t<meta name=\"twitter:data1\" content=\"2 minutes\" \/>\n<script type=\"application\/ld+json\" class=\"yoast-schema-graph\">{\"@context\":\"https:\\\/\\\/schema.org\",\"@graph\":[{\"@type\":\"WebPage\",\"@id\":\"https:\\\/\\\/www.maradeiboschi.it\\\/en\\\/prodotto\\\/sebastian-ramirez-colombia-caffe\\\/\",\"url\":\"https:\\\/\\\/www.maradeiboschi.it\\\/en\\\/prodotto\\\/sebastian-ramirez-colombia-caffe\\\/\",\"name\":\"Sebastian Ramirez | Colombia &#8226; Mara Dei Boschi\",\"isPartOf\":{\"@id\":\"https:\\\/\\\/www.maradeiboschi.it\\\/#website\"},\"primaryImageOfPage\":{\"@id\":\"https:\\\/\\\/www.maradeiboschi.it\\\/en\\\/prodotto\\\/sebastian-ramirez-colombia-caffe\\\/#primaryimage\"},\"image\":{\"@id\":\"https:\\\/\\\/www.maradeiboschi.it\\\/en\\\/prodotto\\\/sebastian-ramirez-colombia-caffe\\\/#primaryimage\"},\"thumbnailUrl\":\"https:\\\/\\\/www.maradeiboschi.it\\\/wp-content\\\/uploads\\\/2024\\\/12\\\/sebastian-ramirez.jpeg\",\"datePublished\":\"2024-12-05T11:46:59+00:00\",\"dateModified\":\"2024-12-05T12:02:44+00:00\",\"description\":\"Sebastian Ramirez | Colombia\",\"breadcrumb\":{\"@id\":\"https:\\\/\\\/www.maradeiboschi.it\\\/en\\\/prodotto\\\/sebastian-ramirez-colombia-caffe\\\/#breadcrumb\"},\"inLanguage\":\"en-US\",\"potentialAction\":[{\"@type\":\"ReadAction\",\"target\":[\"https:\\\/\\\/www.maradeiboschi.it\\\/en\\\/prodotto\\\/sebastian-ramirez-colombia-caffe\\\/\"]}]},{\"@type\":\"ImageObject\",\"inLanguage\":\"en-US\",\"@id\":\"https:\\\/\\\/www.maradeiboschi.it\\\/en\\\/prodotto\\\/sebastian-ramirez-colombia-caffe\\\/#primaryimage\",\"url\":\"https:\\\/\\\/www.maradeiboschi.it\\\/wp-content\\\/uploads\\\/2024\\\/12\\\/sebastian-ramirez.jpeg\",\"contentUrl\":\"https:\\\/\\\/www.maradeiboschi.it\\\/wp-content\\\/uploads\\\/2024\\\/12\\\/sebastian-ramirez.jpeg\",\"width\":1638,\"height\":2048},{\"@type\":\"BreadcrumbList\",\"@id\":\"https:\\\/\\\/www.maradeiboschi.it\\\/en\\\/prodotto\\\/sebastian-ramirez-colombia-caffe\\\/#breadcrumb\",\"itemListElement\":[{\"@type\":\"ListItem\",\"position\":1,\"name\":\"Home\",\"item\":\"https:\\\/\\\/www.maradeiboschi.it\\\/en\\\/\"},{\"@type\":\"ListItem\",\"position\":2,\"name\":\"Shop\",\"item\":\"https:\\\/\\\/www.maradeiboschi.it\\\/negozio\\\/\"},{\"@type\":\"ListItem\",\"position\":3,\"name\":\"Sebastian Ramirez | Colombia\"}]},{\"@type\":\"WebSite\",\"@id\":\"https:\\\/\\\/www.maradeiboschi.it\\\/#website\",\"url\":\"https:\\\/\\\/www.maradeiboschi.it\\\/\",\"name\":\"Mara Dei Boschi\",\"description\":\"Art Food Makers\",\"publisher\":{\"@id\":\"https:\\\/\\\/www.maradeiboschi.it\\\/#organization\"},\"potentialAction\":[{\"@type\":\"SearchAction\",\"target\":{\"@type\":\"EntryPoint\",\"urlTemplate\":\"https:\\\/\\\/www.maradeiboschi.it\\\/?s={search_term_string}\"},\"query-input\":{\"@type\":\"PropertyValueSpecification\",\"valueRequired\":true,\"valueName\":\"search_term_string\"}}],\"inLanguage\":\"en-US\"},{\"@type\":\"Organization\",\"@id\":\"https:\\\/\\\/www.maradeiboschi.it\\\/#organization\",\"name\":\"Mara Dei Boschi\",\"url\":\"https:\\\/\\\/www.maradeiboschi.it\\\/\",\"logo\":{\"@type\":\"ImageObject\",\"inLanguage\":\"en-US\",\"@id\":\"https:\\\/\\\/www.maradeiboschi.it\\\/#\\\/schema\\\/logo\\\/image\\\/\",\"url\":\"https:\\\/\\\/www.maradeiboschi.it\\\/wp-content\\\/uploads\\\/2021\\\/05\\\/logo-mara-dei-boschi.png\",\"contentUrl\":\"https:\\\/\\\/www.maradeiboschi.it\\\/wp-content\\\/uploads\\\/2021\\\/05\\\/logo-mara-dei-boschi.png\",\"width\":383,\"height\":60,\"caption\":\"Mara Dei Boschi\"},\"image\":{\"@id\":\"https:\\\/\\\/www.maradeiboschi.it\\\/#\\\/schema\\\/logo\\\/image\\\/\"},\"sameAs\":[\"https:\\\/\\\/www.facebook.com\\\/MaradeiBoschi\",\"https:\\\/\\\/www.instagram.com\\\/maradeiboschi\"]}]}<\/script>\n<!-- \/ Yoast SEO plugin. -->","yoast_head_json":{"title":"Sebastian Ramirez | Colombia &#8226; Mara Dei Boschi","description":"Sebastian Ramirez | Colombia","robots":{"index":"index","follow":"follow","max-snippet":"max-snippet:-1","max-image-preview":"max-image-preview:large","max-video-preview":"max-video-preview:-1"},"canonical":"https:\/\/www.maradeiboschi.it\/en\/prodotto\/sebastian-ramirez-colombia-caffe\/","og_locale":"en_US","og_type":"article","og_title":"Sebastian Ramirez | Colombia &#8226; Mara Dei Boschi","og_description":"Sebastian Ramirez | Colombia","og_url":"https:\/\/www.maradeiboschi.it\/en\/prodotto\/sebastian-ramirez-colombia-caffe\/","og_site_name":"Mara Dei Boschi","article_publisher":"https:\/\/www.facebook.com\/MaradeiBoschi","article_modified_time":"2024-12-05T12:02:44+00:00","og_image":[{"width":2048,"height":2560,"url":"https:\/\/www.maradeiboschi.it\/wp-content\/uploads\/2024\/10\/IMG_9628-1-scaled-1.jpeg","type":"image\/jpeg"}],"twitter_card":"summary_large_image","twitter_misc":{"Est. reading time":"2 minutes"},"schema":{"@context":"https:\/\/schema.org","@graph":[{"@type":"WebPage","@id":"https:\/\/www.maradeiboschi.it\/en\/prodotto\/sebastian-ramirez-colombia-caffe\/","url":"https:\/\/www.maradeiboschi.it\/en\/prodotto\/sebastian-ramirez-colombia-caffe\/","name":"Sebastian Ramirez | Colombia &#8226; Mara Dei Boschi","isPartOf":{"@id":"https:\/\/www.maradeiboschi.it\/#website"},"primaryImageOfPage":{"@id":"https:\/\/www.maradeiboschi.it\/en\/prodotto\/sebastian-ramirez-colombia-caffe\/#primaryimage"},"image":{"@id":"https:\/\/www.maradeiboschi.it\/en\/prodotto\/sebastian-ramirez-colombia-caffe\/#primaryimage"},"thumbnailUrl":"https:\/\/www.maradeiboschi.it\/wp-content\/uploads\/2024\/12\/sebastian-ramirez.jpeg","datePublished":"2024-12-05T11:46:59+00:00","dateModified":"2024-12-05T12:02:44+00:00","description":"Sebastian Ramirez | Colombia","breadcrumb":{"@id":"https:\/\/www.maradeiboschi.it\/en\/prodotto\/sebastian-ramirez-colombia-caffe\/#breadcrumb"},"inLanguage":"en-US","potentialAction":[{"@type":"ReadAction","target":["https:\/\/www.maradeiboschi.it\/en\/prodotto\/sebastian-ramirez-colombia-caffe\/"]}]},{"@type":"ImageObject","inLanguage":"en-US","@id":"https:\/\/www.maradeiboschi.it\/en\/prodotto\/sebastian-ramirez-colombia-caffe\/#primaryimage","url":"https:\/\/www.maradeiboschi.it\/wp-content\/uploads\/2024\/12\/sebastian-ramirez.jpeg","contentUrl":"https:\/\/www.maradeiboschi.it\/wp-content\/uploads\/2024\/12\/sebastian-ramirez.jpeg","width":1638,"height":2048},{"@type":"BreadcrumbList","@id":"https:\/\/www.maradeiboschi.it\/en\/prodotto\/sebastian-ramirez-colombia-caffe\/#breadcrumb","itemListElement":[{"@type":"ListItem","position":1,"name":"Home","item":"https:\/\/www.maradeiboschi.it\/en\/"},{"@type":"ListItem","position":2,"name":"Shop","item":"https:\/\/www.maradeiboschi.it\/negozio\/"},{"@type":"ListItem","position":3,"name":"Sebastian Ramirez | Colombia"}]},{"@type":"WebSite","@id":"https:\/\/www.maradeiboschi.it\/#website","url":"https:\/\/www.maradeiboschi.it\/","name":"Mara Dei Boschi","description":"Art Food Makers","publisher":{"@id":"https:\/\/www.maradeiboschi.it\/#organization"},"potentialAction":[{"@type":"SearchAction","target":{"@type":"EntryPoint","urlTemplate":"https:\/\/www.maradeiboschi.it\/?s={search_term_string}"},"query-input":{"@type":"PropertyValueSpecification","valueRequired":true,"valueName":"search_term_string"}}],"inLanguage":"en-US"},{"@type":"Organization","@id":"https:\/\/www.maradeiboschi.it\/#organization","name":"Mara Dei Boschi","url":"https:\/\/www.maradeiboschi.it\/","logo":{"@type":"ImageObject","inLanguage":"en-US","@id":"https:\/\/www.maradeiboschi.it\/#\/schema\/logo\/image\/","url":"https:\/\/www.maradeiboschi.it\/wp-content\/uploads\/2021\/05\/logo-mara-dei-boschi.png","contentUrl":"https:\/\/www.maradeiboschi.it\/wp-content\/uploads\/2021\/05\/logo-mara-dei-boschi.png","width":383,"height":60,"caption":"Mara Dei Boschi"},"image":{"@id":"https:\/\/www.maradeiboschi.it\/#\/schema\/logo\/image\/"},"sameAs":["https:\/\/www.facebook.com\/MaradeiBoschi","https:\/\/www.instagram.com\/maradeiboschi"]}]}},"_links":{"self":[{"href":"https:\/\/www.maradeiboschi.it\/en\/wp-json\/wp\/v2\/product\/14399","targetHints":{"allow":["GET"]}}],"collection":[{"href":"https:\/\/www.maradeiboschi.it\/en\/wp-json\/wp\/v2\/product"}],"about":[{"href":"https:\/\/www.maradeiboschi.it\/en\/wp-json\/wp\/v2\/types\/product"}],"wp:featuredmedia":[{"embeddable":true,"href":"https:\/\/www.maradeiboschi.it\/en\/wp-json\/wp\/v2\/media\/14400"}],"wp:attachment":[{"href":"https:\/\/www.maradeiboschi.it\/en\/wp-json\/wp\/v2\/media?parent=14399"}],"wp:term":[{"taxonomy":"product_brand","embeddable":true,"href":"https:\/\/www.maradeiboschi.it\/en\/wp-json\/wp\/v2\/product_brand?post=14399"},{"taxonomy":"product_cat","embeddable":true,"href":"https:\/\/www.maradeiboschi.it\/en\/wp-json\/wp\/v2\/product_cat?post=14399"},{"taxonomy":"product_tag","embeddable":true,"href":"https:\/\/www.maradeiboschi.it\/en\/wp-json\/wp\/v2\/product_tag?post=14399"}],"curies":[{"name":"wp","href":"https:\/\/api.w.org\/{rel}","templated":true}]}}

<p>Sebastian Ramirez | Colombia</p>
<p>Il Wush Wush di<strong> El Placer</strong>, la farm di Sebastian Ramirez, è un caffè famoso in tutto il mondo ed è il primo caffè da gara tostato da IALTY. Scelto dal nostro barista Nicolò Crepaldi per la sua competizione, si tratta di un varietale etiope piantato in Colombia, chiamato appunto Wush Wush, processato con un metodo definito <strong>“black honey”</strong>: le drupe vengono coperte mentre asciugano su letti rialzati in stile africano, vengono smosse continuamente per mantenere un profilo di elevata pulizia, mantenendo il 100% della mucilagine sul chicco. L’intera asciugatura richiede 15 giorni e un’attenzione costante. I chicchi vengono tostati a Barolo in maniera molto leggera per lasciar che il caffè si esprima da sé; Il risultato è un caffè incredibile, un viaggio all’interno del pensiero del produttore e delle sue scelte, dai sentori di pompelmo, frutta rossa e fiori di zagara.</p>
<p><strong>Sebastian Ramirez | Colombia<br />
Produttore: Sebastian Ramirez</strong></p>
<p><strong>Regione: </strong>Calarca, Quindio</p>
<p><strong>Altitudine: </strong>1700 m slm</p>
<p><strong>Coltivazione: </strong>Wushwush</p>
<p><strong>Lavorazione:</strong> Black Honey</p>
<p><strong>Note di gusto:</strong> Pompelmo, frutta rossa, zagara</p>
<p>Confezione in grani* da 150 grammi</p>
<p>&nbsp;</p>
<p>*Il caffè può essere macinato al momento dell’ordine, è sufficiente specificare nelle note d’ordine il tipo di estrazione da voi preferito (ad es. macinatura moka, v60, etc)</p>

<p><strong>Sebastian Ramirez | Colombia<br />
Produttore: Sebastian Ramirez</strong></p>
<p><strong>Regione: </strong>Calarca, Quindio</p>
<p><strong>Altitudine: </strong>1700 m slm</p>
<p><strong>Coltivazione: </strong>Wushwush</p>
<p><strong>Lavorazione:</strong> Black Honey</p>
<p><strong>Note di gusto:</strong> Pompelmo, frutta rossa, zagara</p>
<p>Confezione in grani* da 150 grammi</p>
<p>&nbsp;</p>
<p>*Il caffè può essere macinato al momento dell’ordine, è sufficiente specificare nelle note d’ordine il tipo di estrazione da voi preferito (ad es. macinatura moka, v60, etc)</p>
